 number?
False
Let b = -1086 - -9887. Is b a composite number?
True
Let t(m) = 2*m + 1. Suppose 2 = -4*x + 2*r, -4*r + 8 = -12. Let w be t(x). Is (-31168)/(-20) - (-3)/w a composite number?
False
Let i(t) = 4*t**3 - 7*t**2 + 54*t + 5. Is i(12) a composite number?
True
Suppose 0 = 2*o - 172 + 596. Let s = -129 - o. Is s a composite number?
False
Let b = -575 + 3446. Suppose -7*r + 3590 = -b. Is r composite?
True
Is ((-24241)/(-14))/(3 + (-25)/10) a composite number?
False
Suppose 2*t + 0 = 3*p + 12, 0 = 4*t + 3*p - 6. Suppose 96 = 3*v - t. Is v composite?
True
Let k = 66814 - 40191. Is k prime?
False
Suppose -34974 - 59764 = -14*f. Is f a composite number?
True
Let c be (-5)/(-15) + (-1126)/(-6). Suppose 0 = -0*g - g + c. Let u = g - 46. Is u a composite number?
True
Suppose 0 = -5*o + 2*o + 1227. Let b = 1296 - o. Is b prime?
True
Let q(f) = -253*f + 19. Is q(-20) composite?
True
Let r = 1112 + -699. Is r prime?
False
Suppose 6*s - 5*s = 3642. Let q = -1247 + s. Is q a composite number?
True
Suppose 7 + 0 = z. Suppose -7045 + 276 = -z*o. Is o a prime number?
True
Suppose 4*h = 16 + 16. Is (-1 - (-262)/h)/(1/4) composite?
False
Suppose -2*x + x + 11 = 2*i, 0 = -4*x - i + 23. Let y(c) = c + 0*c + 2*c + x + 15*c. Is y(4) a prime number?
False
Let q be (-16630)/15*(-6)/4. Let l = q - 540. Is l prime?
True
Suppose 6*t - 27645 = t. Suppose -c - 3884 - t = -5*m, -2*m + c + 3764 = 0. Is m a prime number?
False
Let k(c) = c**3 + 7*c**2 - c - 3. Let l be -9 - -2*(1 + 0). Let y be k(l). Suppose 4*r - y*j - 960 = 0, j + 468 = 2*r + 3*j. Is r composite?
True
Let f(q) = 7*q**2 + 20*q + 83. Is f(-12) composite?
True
Is (8 + 2)/(-5 + 474/94) a prime number?
False
Let b = 379994 - 171037. Is b a composite number?
True
Let u(j) = -14*j**2 + j + 5. Let s(r) = 15*r**2 - 2*r - 5. Let q(p) = 3*s(p) + 2*u(p). Is q(6) prime?
False
Let x(q) = 35*q + 1. Let b(i) = -105*i - 3. Suppose -2*m - p = -1, 4*p - 27 = 4*m + 1. Let r(h) = m*b(h) - 7*x(h). Is r(-6) prime?
False
Let n(z) = 23*z**3 + z**2 + 12*z - 24. Let p be n(2). Let f be (1/2)/((-2)/(-284)). Let q = p + f. Is q composite?
True
Suppose -6*p = -68207 + 3401. Is p prime?
False
Let a = -27 - -38. Let l = -1 + a. Is 10/l + 686*1 a composite number?
True
Suppose -4*y = -5*x - 655, -49 = -y + x + 116. Let l = y + -339. Let d = l - -252. Is d a prime number?
True
Let w be ((-5)/(-10))/(2/20). Suppose w*u = 1609 - 114. Is u a composite number?
True
Let y be ((-23337)/(-12)*-1)/(3/(-8)). Let k = y + -2757. Is k a composite number?
True
Suppose 32*y + 6*y - 217778 = 0. Is y composite?
True
Suppose -7*a - 11 = 17. Let r(h) = -44*h**3 + 6*h**2 - 4*h + 7. Is r(a) composite?
True
Let j = 5088 + -2453. Suppose -6*x = -x - j. Is x composite?
True
Let u(s) = 63*s**2 + 4*s + 99. Is u(-8) a composite number?
False
Let f = 15314 - 10611. Is f prime?
True
Let d be (-3*(-1 - -1428))/(36/(-24)). Suppose 0 = v + 4*q - 3011, -4*v = -5*q + d - 14898. Is v a prime number?
True
Let g(j) = -2*j**2 - 22*j - 20. Let t be g(-9). Let u(f) = 69*f - 17. Is u(t) prime?
True
Let i(y) = 279*y**2 + 27*y + 145. Is i(-9) a prime number?
True
Let v = -9 - -12. Let p = v + 24. Suppose 2*g + g = p. Is g a prime number?
False
Suppose -5*a = 2*z - 8851, 0 = -2*z - 4*a + 2442 + 6408. Is z a prime number?
True
Let c be -74 - 15/9*-3. Let j = c + 323. Is j prime?
False
Let h(c) = c**3 + 63*c**2 + 32*c + 111. Is h(-20) prime?
False
Is 2/(-4) + (-1863)/(-54) a composite number?
True
Suppose -12 = 6*v - 2*v - 3*s, s = 5*v + 4. Suppose 3*t + 25 = 5*d, 5*t + v*t + 5*d - 25 = 0. Is -3 + t/4 + 216 a composite number?
True
Let g(f) = 35*f**3 + 3*f**2 + f + 6. Let j be g(3). Is (-2)/4 - j/(-6) a prime number?
True
Let v be (2/4)/((-3)/6). Suppose 36*z = 44*z + 424. Is z*(1 + 0)*v composite?
False
Suppose -1520 = -2*d - 0*d. Suppose -3*g + d = -0*g - a, -g + 246 = -4*a. Is g a prime number?
False
Let v = 451 - 267. Let h = 261 - v. Is h composite?
True
Let u = -43 - 19. Let o = u + 717. Is o a composite number?
True
Is (-30803*(5 - 2))/(-3) a composite number?
False
Let t = 709 - 41. Suppose 2*o - t = -2*o. Is o a prime number?
True
Let i = 107668 - 75921. Is i a prime number?
False
Suppose 3 = -3*u, -2*u = -3*x - x + 694. Let o = x + 168. Is o composite?
True
Suppose -6*o + 9*o - 15 = 0. Suppose o*c - 16 = l - 5*l, 3*c + 12 = 0. Is l a composite number?
True
Let r be -8*((-54)/(-8))/3. Let t be (1/(-3))/(1/r). Let b(w) = 2*w**3 - 3*w**2 + 2*w - 7. Is b(t) prime?
False
Suppose 9*c - 105904 = -2*w + 8*c, 264745 = 5*w - 5*c. Is w a prime number?
True
Let l(s) = s**3 + 22*s**2 - 6*s - 71. Let d be l(-21). Let m = 396 + -237. Suppose -5*k + d = -m. Is k composite?
False
Is (-410364)/(-24)*4/6 prime?
True
Is 6/9*-138*(-5079)/12 prime?
False
Let m(b) = b**3 + 6*b**2 + 6*b. Let i be m(-4). Let a(o) = -36*o**2 + 3*o + i + 38*o**2 + 0*o. Is a(-13) a composite number?
False
Suppose -491*f = -485*f - 31326. Is f a composite number?
True
Suppose 0 = -9*f + 8*f + 158. Let k = f + -79. Is k prime?
True
Let d be (-1)/(-2)*(-22 + 20). Is (-5)/d*1994/10 a composite number?
False
Let k = 33 - 34. Let j be (-4 + k)*8/(-10). Suppose -3*m = 2*u - 665, 0*u - 3*m + 1327 = j*u. Is u a prime number?
True
Let q(y) = 14*y**2 - 5*y + 24. Let v be q(18). Suppose 0 = -n + 6*n + m - 4440, -5*m - v = -5*n. Is n a composite number?
True
Let n be 2/((-4)/(-24)*-4). Let r(u) = -245*u - 34. Is r(n) a prime number?
True
Let k(d) = d**2 + 22*d - 55. Is k(32) composite?
True
Let l(p) = 280*p**2 - 182*p + 9. Is l(10) a composite number?
False
Let r(w) = -w**3 + 23*w**2 + 6*w + 49. Is r(16) a prime number?
False
Suppose 0 = 2*o + 6 - 16. Let w = o + 10. Is (-2)/(-10) - (-1242)/w composite?
False
Let u(d) = -15*d**3 + 6*d**2 + 12*d**3 - 9*d**2 - 5. Is u(-7) a prime number?
True
Suppose 6*g = -2*g - 144. Is (g - 245)*(0 - 1) composite?
False
Suppose -3*c - 16 = -j, -j + 28 = -4*c + 2*j. Let o be c + -1 + -181*37. Is ((-1)/3)/(2/o) composite?
False
Let p = 32 - 29. Suppose 0*r + p*r = 2*a + 383, a + 1 = 0. Is r prime?
True
Let g be 27490/3 - (-3)/(-9). Let z = 13272 - g. Is z a composite number?
True
Suppose -3586 = -4*m - 2*c, -6*c + c = -3*m + 2657. Suppose -h - m = -7*h. Is h a composite number?
False
Let a = -143 + 145. Suppose -u + 2505 = -4*c, a*u - c - 1365 = 3673. Is u prime?
True
Suppose o + 26*m - 30*m = 387, 3*m - 1843 = -5*o. Is o prime?
False
Let y = -55 + 82. Is (-6)/y - 4353/(-27) composite?
True
Let j(n) = 1181*n**2 - 15*n - 3. Is j(-2) composite?
False
Is 0 - -17827 - (-16 - -24) prime?
False
Suppose -98*l + 103*l - 8740 = 0. Suppose 2*a - l - 626 = 0. Is a prime?
True
Suppose m - 68 = -5*h - 0*h, 3*h - 48 = 3*m. Suppose -15*y + h*y = -303. Is y a prime number?
False
Suppose 7269 = 4*k - 3*s - 10960, 0 = -3*s + 15. Is k a prime number?
True
Let g(x) be the second derivative of x**4/3 + 5*x**3/3 - x**2/2 - x. Suppose 2*o + 137 = 117. Is g(o) a prime number?
False
Let h = 43816 + 29469. Is h a prime number?
False
Let m(u) = 934*u**2 + 5*u + 42. Is m(5) prime?
True
Suppose 4*h - 545 = t, -5*h + 4*t + 675 = 9*t. Suppose -388 = -4*y + h. Is y prime?
True
Let h = -5 + 9. Suppose 3*x - 4*x = -h. Suppose 288 = 3*g - 3*y, -x*y = 4*g - 561 + 169. Is g a prime number?
True
Suppose 0*x + 3*f = -4*x + 24584, -f = x - 6147. Is x prime?
True
Suppose 0 = -3*y + 5*g + 49794, 15*g - 83012 = -5*y + 16*g. Is y prime?
True
Let y(d) = d - 2. Let q be y(2). Suppose 4*k - 6*k + 5*a = 17, k - 2*a + 7 = q. Is k/(-2)*(587 - 1) a composite number?
False
Suppose -2*r + 84645 = 3*m, -12*m + 42323 = r - 10*m. Is r composite?
True
Let w be ((-63)/(-6) - -2) + (-9)/(-6). Is ((-35544)/(-7))/3 + 6/w a prime number?
True
Suppose -4*i + 9942 + 18734 = 0. Is i prime?
False
Suppose -21001 = -i + 4*m - 9*m, -3*i = m - 63031. Is i a composite number?
False
Let l = -1 - 4. Let z = 40 + l. Is z prime?
False
Suppose 0*m + 2*m - 6 = 4*d, -2*m - 14 = d. Let r be (40/(-50))/((-2)/m). Is 271 - 3/(2/r) a composite number?
True
Suppose 4*q - 61208 = 33668. Is q composite?
False
Let g(h) = 3*h**3 - 18*h**2 - 6*h + 24. Let l(o) = o**3 - 6*o**2 - 2*o + 8. Let q(n) = 6*g(n) - 17*l(n). Let z be 2/6*3*7. Is q(z) a composite number?
False
Let z be (12/(-10))/(3/(-40)). Suppose i - 5*i = -2*b - z, -4*b = 0. Is (240 - 7) + i/2 prime?
False
Let b(y) 